{"id":24,"date":"2016-12-14T11:11:11","date_gmt":"2016-12-14T11:11:11","guid":{"rendered":"http:\/\/themes.uxbarn.com\/wp\/finnik-dummy\/?page_id=24"},"modified":"2023-11-30T14:06:16","modified_gmt":"2023-11-30T13:06:16","slug":"about-fredrik-muller","status":"publish","type":"page","link":"https:\/\/www.meyerphoto.art\/?page_id=24","title":{"rendered":"About me ?"},"content":{"rendered":"<p>Je suis un photographe fran\u00e7ais originaire d&rsquo;Alsace. Je d\u00e9bute la photographie en 2017 en tant qu&rsquo;autodidacte. Chaque voyage que j&rsquo;entreprends est une occasion inestimable pour approfondir mes connaissances fondamentales en photographie.<\/p>\n<p>En 2020, d\u00e9sireux d&rsquo;explorer l&rsquo;histoire de cet art je rejoins avec enthousiasme les cours du soir propos\u00e9s par La Chambre \u00e0 Strasbourg.<\/p>\n<p>Travaillant \u00e0 la fois avec des appareils num\u00e9riques et argentiques, je r\u00e9alise et publie en 2021 mon tout premier livre photo \u00ab\u00a0Volare\u00a0\u00bb. En 2022 5 de mes photos paraissent dans l&rsquo;ouvrage \u00ab\u00a0L&rsquo;Alsace en 500 photos\u00a0\u00bb aux \u00e9ditions Laurent Signoret. La m\u00eame ann\u00e9e un de mes clich\u00e9 est publi\u00e9 dans Fisheye le mag n\u00b056. Ces exp\u00e9riences m&rsquo;ont permises de repousser mes limites artistiques et de partager ma vision unique du monde.<\/p>\n<p>Au fil de mes nombreux projets, mon profil de photographe-reporter s&rsquo;est progressivement dessin\u00e9. Que ce soit au c\u0153ur d&rsquo;une manifestation dans les rues, sur sc\u00e8ne lors d&rsquo;un concert, lors d&rsquo;un \u00e9v\u00e9nement sportif tel que la pro-B, au sein d&rsquo;un festival entour\u00e9 d&rsquo;indiens et de cow-boys ou lors d&rsquo;un mariage, je mets un point d&rsquo;honneur \u00e0 raconter et t\u00e9moigner du monde qui m&rsquo;entoure.<\/p>\n<p>En trois mots, je suis un photographe sensible, passionn\u00e9 et r\u00e9solument engag\u00e9.<\/p>\n<p><img loading=\"lazy\" decoding=\"async\" class=\"alignnone wp-image-25 size-full\" src=\"https:\/\/www.meyerphoto.art\/wp-content\/uploads\/2023\/06\/Capture-decran-2023-06-18-a-22.14.11.png\" width=\"251\" height=\"43\" \/><\/p>\n","protected":false},"excerpt":{"rendered":"<p>Je suis un photographe fran\u00e7ais originaire d&rsquo;Alsace. Je d\u00e9bute la photographie en 2017 en tant qu&rsquo;autodidacte. Chaque voyage que j&rsquo;entreprends est une occasion inestimable pour approfondir mes connaissances fondamentales en photographie. En 2020, d\u00e9sireux d&rsquo;explorer l&rsquo;histoire de cet art je rejoins avec enthousiasme les cours du soir propos\u00e9s par La Chambre \u00e0 Strasbourg. Travaillant \u00e0 &#8230; <\/p>\n","protected":false},"author":2,"featured_media":349,"parent":0,"menu_order":6,"comment_status":"closed","ping_status":"closed","template":"","meta":{"iawp_total_views":58,"footnotes":""},"class_list":["post-24","page","type-page","status-publish","has-post-thumbnail","hentry"],"_links":{"self":[{"href":"https:\/\/www.meyerphoto.art\/index.php?rest_route=\/wp\/v2\/pages\/24","targetHints":{"allow":["GET"]}}],"collection":[{"href":"https:\/\/www.meyerphoto.art\/index.php?rest_route=\/wp\/v2\/pages"}],"about":[{"href":"https:\/\/www.meyerphoto.art\/index.php?rest_route=\/wp\/v2\/types\/page"}],"author":[{"embeddable":true,"href":"https:\/\/www.meyerphoto.art\/index.php?rest_route=\/wp\/v2\/users\/2"}],"replies":[{"embeddable":true,"href":"https:\/\/www.meyerphoto.art\/index.php?rest_route=%2Fwp%2Fv2%2Fcomments&post=24"}],"version-history":[{"count":15,"href":"https:\/\/www.meyerphoto.art\/index.php?rest_route=\/wp\/v2\/pages\/24\/revisions"}],"predecessor-version":[{"id":445,"href":"https:\/\/www.meyerphoto.art\/index.php?rest_route=\/wp\/v2\/pages\/24\/revisions\/445"}],"wp:featuredmedia":[{"embeddable":true,"href":"https:\/\/www.meyerphoto.art\/index.php?rest_route=\/wp\/v2\/media\/349"}],"wp:attachment":[{"href":"https:\/\/www.meyerphoto.art\/index.php?rest_route=%2Fwp%2Fv2%2Fmedia&parent=24"}],"curies":[{"name":"wp","href":"https:\/\/api.w.org\/{rel}","templated":true}]}}